*x + 9, 14 = 3*x - 4*h. Let w = 6 + -11. List the prime factors of (7 + x)*w/(-1).
3, 5
Let b(d) = d**3 - 17*d**2 + 17*d - 11. Let l be b(16). Suppose l*n - 1188 - 1055 = -4*t, -2*t = 2*n - 898. List the prime factors of n.
3, 149
Suppose -9*c = -2548 - 1412. Suppose c = -5*t + 2455. What are the prime factors of t?
13, 31
What are the prime factors of (0 - 28795/(-8)) + (3042/(-208))/39?
59, 61
Let t(j) = -2*j - 2. Let g be t(-2). Suppose g*w + w = 78. Suppose 3*x - w = -4*d, 2*x - 12 = -3*d + 6. List the prime factors of x.
2, 3
Let z = 1413 - 893. Let t be ((-44)/5)/(4 + (-2096)/z). Suppose -4*w + t = 2*u, 2*u + 5*w - 290 = -0*u. List the prime factors of u.
3, 5
Let v(m) = -4*m**3 - 15*m**2 + 49*m - 112. What are the prime factors of v(-19)?
2, 17, 617
Let s(c) = c**2 + 5*c - 2. Let z be s(-6). Suppose -36 = -4*a + 2*h, 3*a - z*h - 24 = a. List the prime factors of (1*23)/(a/32).
2, 23
Let g be -51 + 5 + -5 + -6. Let y = 204 - g. List the prime factors of y.
3, 29
Let h = -30 + 35. Let w be 85 - (h + (-7 - -3)). Suppose -2*f + 44 = -w. What are the prime factors of f?
2
Let c(x) = x**3 - 3*x**2 - 2*x + 1. Let b be c(3). Let q = 268 - 235. Let m = b + q. List the prime factors of m.
2, 7
Let u(l) = 5*l - 53. Let q(i) = -2*i + 27. Let s(k) = -5*q(k) - 3*u(k). Let f be s(5). List the prime factors of -1*(-1 + f*74 - 0).
3, 5
Let n(o) = -14*o - 284. Let b be n(-24). Suppose -4*w - 2*d + 902 = 0, 5*w + 74 = -4*d + 1209. Suppose -w = -5*f + b. List the prime factors of f.
5, 11
Suppose -5*h + 3*m - 7*m + 2 = 0, h - 6 = 2*m. Suppose o - 43 = 3*n + 157, 0 = o - h*n - 195. List the prime factors of o.
5, 37
Let x(t) = 85*t**2 - 56*t + 692. List the prime factors of x(26).
2, 19, 373
Let j(o) = -o**3 - 18*o + 16 - 16*o**2 + 2*o**3 + 0*o - 86. What are the prime factors of j(18)?
2, 127
Let a(r) = -3*r**3 - 3*r**2 - r - 2. Let j be a(-2). Let s be 22*(-12 - (12 - (-2176)/(-88))). Suppose 1024 = s*n - j*n. What are the prime factors of n?
2
Let g = -591 + 125. Let r = g - -492. List the prime factors of r.
2, 13
Let x = 565 - 134. Suppose -h - 186 = 69. Let v = x + h. List the prime factors of v.
2, 11
Let n(a) = 10*a**2 - 6*a + 4. Let d be n(-5). Suppose 4*q + 0*q - d = 0. Suppose -3*m + 415 + q = 0. List the prime factors of m.
2, 3
Let u(d) = -d**3 - 25*d**2 - 20*d + 96. Let q be u(-24). Suppose 4*y + 8 = q, y + 1436 = c - 4*y. What are the prime factors of c?
2, 23, 31
Suppose s + 8 = -4*s - 4*g, -2*g - 14 = 5*s. Let d be 456 - (12/s)/3. Suppose 0 = 8*x - d - 391. List the prime factors of x.
2, 53
Let q = -1251 - -2429. Let l = q - 778. What are the prime factors of l?
2, 5
Suppose 0 = -2*h - 17 + 19, 2*p - 3803 = -h. List the prime factors of p.
1901
Let j = -322 - -632. Let z = 530 - j. List the prime factors of z.
2, 5, 11
Let g(k) = 406*k + 569. List the prime factors of g(4).
3, 17, 43
Let c(v) = -5*v + 20. Suppose -5*x + 34 = -21. Suppose 7*u + x = -24. List the prime factors of c(u).
3, 5
Let t(k) = -k + 6. Let j be t(4). Let y be 4/(-16)*(-152)/j. Let m(b) = 5*b - 74. List the prime factors of m(y).
3, 7
Suppose -75 = 4*u - 9*u. Let q = 10333 - 10312. Suppose -r = -4*i - u + 6, -i = -4*r + q. List the prime factors of r.
5
Suppose 0 = 4*h + 4*s - 8, 2*h - s - 3*s - 4 = 0. Suppose 2*a - 20 = 7*a, -5*a = -h*t + 726. What are the prime factors of t?
353
Suppose 6*h - 10 = h. Suppose -b - 55 = -12*b. Suppose x + 233 = 2*f, -f = -h*f - b*x + 122. What are the prime factors of f?
3, 13
Suppose 23*v = 446703 + 291551. What are the prime factors of v?
2, 11, 1459
Let o = 99 + -203. Let l = o - -92. List the prime factors of l/15 + (-719)/(-5).
11, 13
List the prime factors of 0 + -15 + 47218 + 442.
5, 13, 733
Let y = 3 + -1. Let i be (3/6)/(8/(-80)). List the prime factors of (i + (-79)/y)/(2/(-4)).
89
Suppose 35*o - 43396 = 31*o - 4*q, -2*q = -3*o + 32582. List the prime factors of o.
2, 23, 59
Suppose -861 = -3*p - 855. Suppose 3*o + p*a = -2*a + 1184, 1580 = 4*o + 4*a. List the prime factors of o.
2, 3, 11
Let g(l) = -l**3 + 7*l**2 + 8*l + 3. Let v be g(8). Suppose -s + 16 = 4*n, -v*n = -7*n + 4*s - 4. Suppose -n*x + 1080 = 3*x. List the prime factors of x.
2, 3, 5
Suppose 42*h - 86*h = -45*h + 29954. List the prime factors of h.
2, 17, 881
Let j(c) = 1502*c - 162. List the prime factors of j(2).
2, 7, 29
Let z = 17648 - 6898. List the prime factors of z.
2, 5, 43
Let p be (45/(-45))/(1 - 0). List the prime factors of 1 + p + 662 - 0.
2, 331
Let g(f) be the third derivative of 2*f**5/15 - 7*f**4/12 - 17*f**3/3 - 2*f**2 - 2*f. List the prime factors of g(-11).
2, 17
Let p be 442/10 - (-148)/185. Suppose h - 2*t = 3*h - 106, -h = -t - p. Let w = h + -2. List the prime factors of w.
47
Let p be 376 - (-8)/(16/(-10)). Let l = -138 + p. List the prime factors of l.
233
Let l = 947 - 447. What are the prime factors of l + 0 + (-46 - -44)?
2, 3, 83
Let l be 4386/(-4)*(-8888)/303. Suppose 0 = 100*n - 56*n - l. List the prime factors of n.
17, 43
Let c = 37438 - 16032. What are the prime factors of c?
2, 7, 11, 139
List the prime factors of 2/5 + (-530475)/(-375).
5, 283
Suppose 174 = -26*z - 3*z. What are the prime factors of 2/(14265/2376 + z)?
2, 3, 11
Suppose v - k = -0*k + 117, -2*k = -4*v + 462. Let x = -86 + v. What are the prime factors of x?
2, 7
Suppose 5*n - 5*l - 43700 = 0, 39*l + 34975 = 4*n + 38*l. What are the prime factors of n?
3, 5, 11, 53
Let y(f) = -146*f + 295. What are the prime factors of y(-9)?
1609
Let r(f) = f**2 + 6*f + 5. Let p be r(-4). Let a(v) = v**2 + 2*v - 1. Let q be a(p). Suppose k - q*k + 118 = 0. List the prime factors of k.
2, 59
Let i(z) = 4*z**2 + 3*z - 46. Let n be (30/(-35))/((-3)/(-21)). Let p(q) = 5*q**2 + 4*q - 47. Let g(a) = n*i(a) + 5*p(a). What are the prime factors of g(0)?
41
Let v be (11/4)/(-1)*4. Suppose 5*u = 2*q + 168, -3*u - q = -6*q - 78. What are the prime factors of (-1 + v)*(-552)/u?
2, 23
Let b be 15/(-4) - (210/40 + -5). List the prime factors of 576 + (0 - (-6 + 10))/b.
577
Suppose 4*y = -w + 19, -13 = -4*w - y + 3. Let c(a) = 74*a**2 - 17*a - 1. What are the prime factors of c(w)?
2, 307
Let w = -34954 + 103497. What are the prime factors of w?
68543
Let x(a) = 42*a + 27 - 41*a - 3. List the prime factors of x(10).
2, 17
Suppose -48 = -77*z + 65*z. What are the prime factors of (-66)/(-21)*14/z?
11
Let b(r) = 156*r**2 - 53*r - 23. Let m be b(7). Suppose 3*v + 3*s = 4344, -5*v - 7*s + m = -4*s. List the prime factors of v.
1453
Suppose -121*g + 278692 = -83*g. List the prime factors of g.
2, 19, 193
Suppose -103433 - 710839 = -224*k + 186784. List the prime factors of k.
41, 109
Suppose -41*a - 5150 = -51*a. Suppose -14*d + a = -9*d. List the prime factors of d.
103
Suppose -40*p + 76*p + 27832 = 38*p. What are the prime factors of p?
2, 7, 71
Suppose -59 = 4*r - 5*j + 52, -j = r + 21. List the prime factors of 18196/72*3 + 4/r.
2, 379
What are the prime factors of (-43*53)/((-6)/7*(-11)/(-66))?
7, 43, 53
Suppose -22*k = -15*k - 16856. Let j = -1632 + k. What are the prime factors of j?
2, 97
Suppose 7 + 25 = 8*u. Suppose -u*m - 43 = 17. What are the prime factors of (m - -10) + (-1 - -19)?
13
Suppose 7*o = 9*o - 3*n - 2001, -3*o - 2*n + 2995 = 0. Suppose 0 = 3*f - 5*b - 756, -5*f = -4*b - o - 274. What are the prime factors of f?
257
List the prime factors of (0 + 478)*(-25 + 23 + 15).
2, 13, 239
Let v be 41/3 - 4/(-12). Let i be 0 + (v - (-2 + 2)). What are the prime factors of -3*20/15 + i?
2, 5
Let h(g) = -g**2 + 11*g + 5. Let t = 11 - 0. Let c be h(t). Suppose 3*j - 71 = -2*d, -j = c*d - 2*j - 220. What are the prime factors of d?
43
Let o(q) = -2907*q**3 + 4*q**2 + 13*q + 17. List the prime factors of o(-2).
43, 541
Let a = 117 + -112. List the prime factors of (a - -431)/((-8)/(-4)).
2, 109
Suppose -3*j - 10989 + 48351 = 3*u, -5*j = u - 12462. List the prime factors of u.
2, 11, 283
Suppose -2*m - 336 = -6*m. Let z = 88 - m. Suppose 0 = z*q - 7*q + 93. What are the prime factors of q?
31
Let b be -255*((-68)/51 - (-1)/(-3)). Suppose 4*f = -4*c + 904, -f - 353 = 3*c - 1021. Let k = b - c. List the prime factors of k.
2, 3, 17
Let y = -3 + 3. Suppose 14*c - 10*c + 3*i - 20 = 0, -5*c - 3*i + 22 = y. Suppose -27 = -c*h - 9. List the prime factors of h.
3
Let l(g) = 646*g**2 + g. Lis